t is the hundreds digit of x(2)?
6
Let f = 22339 - -14117. What is the thousands digit of f?
6
Let r = -12952 + 18968. What is the tens digit of r?
1
Suppose -2*c - 470 = 3*u, 65 = 4*c - 3*u + 1023. Let d be 3/(-20)*2 + (-15)/(750/(-18065)). Let a = d + c. What is the units digit of a?
3
Let b be 2/4*(20 - 12). Let c(t) = 2*t**2 - 4*t - 1. Let q be c(3). Suppose 3*a - 643 = -q*p, p - a = -b*a + 119. What is the hundreds digit of p?
1
Let g = -133 - -145. Suppose 6*o + 5*l - 2040 = 2*o, 0 = -3*l + g. What is the tens digit of o?
0
Let v be ((-12)/48)/((-1)/188). Let a = 207 + v. What is the hundreds digit of a?
2
Let i(v) = 4*v**2 - 118*v + 433. What is the tens digit of i(46)?
6
Let g = -8015 + 14654. What is the hundreds digit of g?
6
Suppose -3*x - 28610 = -4*c, 9*x = 7*x - 4. What is the units digit of c?
1
Let o(r) be the third derivative of 0*r + 35*r**2 + 0 + 5/3*r**4 - 13*r**3. What is the hundreds digit of o(7)?
2
Let y(z) = 2*z**2 + 3*z - 9. Let u(g) be the first derivative of -g**4/4 + 11*g**3/3 + 6*g - 14. Let r be u(11). What is the units digit of y(r)?
1
Let h(j) = j**3 - 2*j**2 - 3*j + 2618. Let w be h(0). Suppose -17*z + 3*z = -w. What is the hundreds digit of z?
1
Let h = -292 + 503. Let v = h - 120. What is the tens digit of v?
9
Let r(z) = z**3 + 2*z**2 - 4*z - 12. Let f be r(-3). What is the units digit of 12/(f/17*(-9)/108)?
2
Let l be 4/(5/(-5 - -490)). Let p = -149 + l. What is the units digit of p?
9
Suppose 0 = -123*a + 162*a - 1745679. What is the ten thousands digit of a?
4
Suppose 0 = -2*x + 5*y + 20203, -200*x + 205*x - 50455 = -5*y. What is the units digit of x?
4
Let a = -81 - -181. Suppose a*s - 96*s = 1612. What is the hundreds digit of s?
4
Suppose 9*y + 26 = 44. Suppose 0 = -y*j + 3331 - 145. What is the tens digit of j?
9
Suppose -142 + 592 = -3*z. Let b be (-15*12/z)/(3/70). Suppose 55 = a + 5*d, -91 + b = -a - d. What is the units digit of a?
5
Let d = -848 + 850. Suppose 1 = -24*b + 25*b - 5*u, d*b - 5*u - 27 = 0. What is the units digit of b?
6
Suppose k + 174 = 854. Suppose g = -4*r + 3, 3 = -3*g + 4*r + 12. Suppose t - k = -5*b, -g*b + 380 = -0*b - 5*t. What is the hundreds digit of b?
1
Let q = 1024 - 1021. Let f(n) = n**2 + 96. Let y be f(0). Suppose 5*w = 4*z + 1105, q*z + y - 538 = -2*w. What is the tens digit of w?
2
Let u(s) = 2*s**3 + 39*s**2 - 17*s - 15. What is the thousands digit of u(11)?
7
Let p be ((-1)/(-2))/(146/16 + -9). Suppose -p*o + 4*r = -760, 4*o + 4*r - 769 = 5*r. What is the hundreds digit of o?
1
Suppose 3 = -3*u + 4*u. Suppose -4*m - 83 = u*r, -13 = -3*r - 2*m - 104. Let w = 61 + r. What is the units digit of w?
8
Let o be (854/(-105) + 6/45)/(-2). Suppose -o*s + w - 105 + 354 = 0, -5*w = -3*s + 174. What is the units digit of s?
3
Let d(t) = -2*t - 94. Suppose 13*q - 12*q + 2 = 0. Let x(z) = -z - 31. Let n(j) = q*d(j) + 7*x(j). What is the tens digit of n(-16)?
1
Let n(x) = x**2 + 20*x - 29. Let c be n(-21). Let b be c/(-6)*(2 - -1)/1. Suppose 23 = b*s - 265. What is the tens digit of s?
7
Suppose 1021869 + 1061812 = 166*m + 699573. What is the thousands digit of m?
8
Suppose -2*a + 8092 - 2116 = 0. Suppose 1236 = 16*i - a. What is the tens digit of i?
6
Let t(v) = 2*v**3 - 70*v**2 - 27*v + 101. What is the tens digit of t(37)?
7
Suppose -15*q = -18*q - 18. Let l = -23 - -20. What is the tens digit of 19/(-2)*(5 + l + q)?
3
What is the ten thousands digit of -10 + (37195 - 29)*(-4)/(-2)?
7
Let s(z) = 2*z**3 - 3*z**2 - z - 6. Let v = 99 + -95. What is the units digit of s(v)?
0
Suppose -4*i - 3*m + 8120 + 27489 = 0, -3*i - 2*m = -26706. What is the hundreds digit of i?
9
Suppose 115*c - 110*c - b = 48625, 2*c = b + 19447. What is the tens digit of c?
2
Suppose 0 = p - 2*z + 602 - 32156, 0 = -3*p - 2*z + 94646. What is the thousands digit of p?
1
Let w(i) = 294*i**3 - 4*i**2 - 5*i - 16. Let x be w(-3). What is the tens digit of x/(-35) + 1/7?
2
Let j(a) = 2*a**2 - 9*a + 7. Let t be j(4). Suppose 4*g = 2*r + 2336, t*g - 7*g = 5*r - 2308. What is the hundreds digit of g?
5
Let o = -45 + 40. Let r be ((-2)/2)/(o/80). Suppose 4*b - 4 = -r, y - 52 = b. What is the units digit of y?
9
Let p(a) = a**3 - 2*a**2 - 2*a + 7. Let g be p(-4). Suppose 0 = 13*s - 1517 - 17. Let l = s + g. What is the tens digit of l?
3
Let v(h) = 4*h**2 + 10*h + 38. Let u be v(-6). Let r = 177 + u. What is the tens digit of r?
9
Suppose 112 = u - b + 3*b, u - 103 = b. Suppose -3*y = 9*o - 7*o + 216, 0 = 2*o + 6. Let c = u + y. What is the units digit of c?
6
Let n(d) = 4*d**3 + d**2. Let c(h) = -804*h**3 - 9*h**2 - 4*h + 2. Let g(v) = c(v) + 2*n(v). What is the units digit of g(-1)?
5
Let a(o) = 0*o + 1 + 1 + 0 + 11*o. Let z be a(3). Let j = z - -9. What is the tens digit of j?
4
Let x(v) = -28*v - 82. Let y be x(-3). What is the tens digit of -1 - y - (-531 + 9)?
1
Suppose -20*k + 12 + 68 = 0. Suppose 0 = 5*d + 5, 3*l - k*d = -2*l + 2454. What is the units digit of l?
0
Let g be 1 - 2 - -3 - (-15)/(-3). Let c(p) = p**3 + 5*p**2 + 5*p + 3. Let n be c(g). What is the tens digit of 34*(n - (3 - -1))?
6
What is the thousands digit of 3155679/162*(1 - 1/(-1))?
8
Let v(w) = -17*w**2 - 28*w + 132. Let c(h) = -4*h**2 - 7*h + 33. Let t(b) = 9*c(b) - 2*v(b). Let g be t(-9). Let q = 127 - g. What is the tens digit of q?
9
What is the tens digit of (-1)/3 + ((-1904240)/15)/(-16)?
3
Let i(w) = w**3 + 9*w**2 - 12*w - 2. Let l be (1 - (-11)/(-13)) + 954/(-117). What is the tens digit of i(l)?
5
Suppose -18142 = 294*f - 296*f + 2*c, 36281 = 4*f - 3*c. What is the units digit of f?
8
Let r be 5/1*(-9)/15 - -188. Let f = 264 - r. Suppose -3*d - 2*j = -4*d + f, 3*d = j + 262. What is the units digit of d?
9
Let z(u) = u + 6. Let n be z(-3). Suppose 0 = 5*a + 3*r + 636, r + n*r = -3*a - 375. Let j = a + 192. What is the units digit of j?
3
Let r = 15 + -13. Let m = 3 + r. Suppose -3*o = -q + 73, 33 = m*o + 13. What is the units digit of q?
5
Suppose -5*u + 3*g + 642 = -2*u, 4*u - g - 850 = 0. Let c = 943 - u. What is the tens digit of c?
3
Let n be (24/(-36))/(2/(-81)). Suppose -39 = d - n. Let h(i) = i**3 + 14*i**2 + 6*i + 2. What is the hundreds digit of h(d)?
2
Suppose 0 = 2*p + 3*y + 21, -81 = 5*p + y - 3*y. Let j = 320 - p. What is the units digit of j?
5
Let r(g) be the second derivative of g**4/12 + 5*g**3/6 + 41*g**2/2 - g - 149. Let f(v) = 2*v + 4. Let c be f(-8). What is the hundreds digit of r(c)?
1
Let t(q) = 2*q**2 - 26*q + 27. Let j be t(12). What is the hundreds digit of (-48)/4*((-60)/9 - j)?
1
Let x = 1640 - -4085. What is the units digit of x?
5
Suppose 2*o + 0*v + 4*v - 1338 = 0, 0 = 3*o - 2*v - 2015. Suppose 0 = 2*i - 47 - o. What is the units digit of i?
9
Suppose -122*k - 47151 + 1024859 = 0. What is the units digit of k?
4
Suppose -4*f - 180 = -2*r - 834, -f = 3*r - 167. Suppose -4*v + i = -650, 8*v + i + f = 9*v. What is the hundreds digit of v?
1
Suppose -16*i = -13134 - 23650. Let t = -1279 + i. What is the tens digit of t?
2
Let r be 0/(-2) + -5 + 8. Suppose r*i + 660 = 15*i. What is the units digit of i?
5
Let q(u) = 4*u**3 + 23*u**2 + 12*u + 12. Let a be q(-5). What is the tens digit of 153*a*(4/12 - 0)?
7
Suppose -5*o + 179615 = 5*n, -2*n + 3*n + 107761 = 3*o. What is the units digit of o?
1
Let o be ((-60)/(-9))/(-10) - (-88)/6. What is the hundreds digit of -278*1/(o/(-63))?
2
Suppose -2*f + 9*f = 35. Suppose -3*g - 5*n + 10 = 0, f*g + 2*n = -3*n. Let q(l) = l + 23. What is the tens digit of q(g)?
1
Let w = 14576 - 10680. What is the thousands digit of w?
3
What is the thousands digit of 5542 + (63/(-3) - -12)?
5
Suppose 2*t + 12*t + 6*t = 0. Let d(o) = 16 - o**2 + 37 + o - 26 + 22. What is the tens digit of d(t)?
4
Let s be -7 - -9 - (-744)/3. Let m = s + -230. What is the units digit of m?
0
Let a = 2639 + 572. What is the thousands digit of a?
3
Let w(x) = 15*x - 6. Let p be 495/54 - 1/6. Let d(f) = -60*f + 25. Let n(g) = p*w(g) + 2*d(g). What is the tens digit of n(1)?
1
Let v(o) = 42*o**2 + 4*o - 38. Let a be v(4). Suppose 0 = 28*r - 30666 + a. What is the units digit of r?
2
Let m(x) = 17 - 43*x**2 - 3*x + 14*x**2 + 3*x + 2*x**3 - 2*x. What is the tens digit of m(16)?
5
Suppose -237 = -4*n + 5*x, n + 4*x = -2*n + 170. What is the tens digit of (4 - n)/(2/(-7))?
8
Suppose 4*m - 5*l = -10,